{"id":199,"date":"2014-05-02T12:21:54","date_gmt":"2014-05-02T10:21:54","guid":{"rendered":"http:\/\/www.explaure-pyrenees.fr\/?page_id=199"},"modified":"2022-01-14T17:12:21","modified_gmt":"2022-01-14T15:12:21","slug":"programme-2014","status":"publish","type":"page","link":"http:\/\/www.explaure-pyrenees.fr\/?page_id=199","title":{"rendered":"Programme 2022"},"content":{"rendered":"<p style=\"text-align: center;\"><strong>PROGRAMME RANDONN\u00c9E \/ TARIFS 2022<\/strong><\/p>\n<p style=\"text-align: center;\">Groupes de 4 pers. (mini) \u00e0 12pers. (maxi)<\/p>\n<p style=\"text-align: center;\"><span style=\"text-decoration: underline;\"><strong>Randonn\u00e9e d\u00e9couverte: 1\/2j 25\u20ac\/pers. &#8211; j 34\u20ac\/pers.<br \/>\n<\/strong><\/span><\/p>\n<p style=\"text-align: center;\">A la demi-journ\u00e9e ou en journ\u00e9e, d\u00e9couverte de la faune et de la flore locale au sein m\u00eame du Parc National des Pyr\u00e9n\u00e9es ou de la R\u00e9serve Naturelle du N\u00e9ouvielle. Randonn\u00e9e facile avec peu de d\u00e9nivel\u00e9 accessible au public familial.<\/p>\n<p style=\"text-align: center;\"><span style=\"text-decoration: underline;\"><strong>Randonn\u00e9e au sommet: j 34\u20ac\/pers.<\/strong><\/span><\/p>\n<p style=\"text-align: center;\">D\u00e9part pour un sommet depuis lequel vous pourrez ouvrir votre champ de vision aux montagnes alentours, et bien sur d\u00e9couvrir ou red\u00e9couvrir la faune et la flore locale. Randonn\u00e9e sportive avec un minimum de 600m de d\u00e9nivel\u00e9 positif.<\/p>\n<p style=\"text-align: center;\"><span style=\"text-decoration: underline;\"><strong>S\u00e9jour rando\u00a0: 5j\u00a0\u00a0\u00a0\u00a0\u00a0 150\u20ac\/pers.<\/strong><\/span><\/p>\n<p style=\"text-align: center;\"><span style=\"text-decoration: underline;\"><strong>Week-end rando\u00a0: 3j\u00a0\u00a0\u00a0\u00a0 90\u20ac\/pers.<\/strong><\/span><\/p>\n<p style=\"text-align: center;\">Pour les s\u00e9jours et les week-end, je vous accueille le 1er jour \u00e0 10h. On d\u00e9marre par une randonn\u00e9e facile. Ensuite, pour les autres jours, nous naviguerons en \u00e9toile depuis le centre d&rsquo;h\u00e9bergement.<\/p>\n<p style=\"text-align: center;\"><span style=\"text-decoration: underline;\"><strong>Mini trek estival\u00a0: 3j \u00a0 \u00a0 90\u20ac\/pers.<\/strong><\/span><\/p>\n<p style=\"text-align: center;\">Pour les minis trek, je vous accueille \u00e0 10h dans le village de Saint Lary. Les 2 nuits se passent dans des refuges de montagne o\u00f9 tout est compris\u00a0: d\u00eener, nuit\u00e9e, petit dej, pique-nique (prix tout compris\u00a0: 46\u20ac\/pers.\/jour env. selon refuge)<\/p>\n<p style=\"text-align: center;\"><span style=\"text-decoration: underline;\"><strong>Week-end rando\u00a0: 2j\u00a0\u00a0\u00a0\u00a0 60\u20ac\/pers.<\/strong><\/span><\/p>\n<p style=\"text-align: center;\">Accueil pr\u00e9vu \u00e0 10h le samedi, et nous partons pour deux jours en montagne, o\u00f9 nous passerons la nuit en refuge de montagne. A faire de mi-juin \u00e0 fin septembre.<\/p>\n<p style=\"text-align: center;\"><strong>VOUS AVEZ UN PROJET PERSONNEL DE RANDONN\u00c9E !<\/strong><br \/>\n<strong> FAITES M&rsquo;EN PART, JE L&rsquo;ORGANISE POUR VOUS.<\/strong><\/p>\n<p style=\"text-align: center;\">Pour l&rsquo;h\u00e9bergement dans la vall\u00e9e, je vous propose\u00a0:<br \/>\nLe centre Ch\u00e2teau Rolland (village de Guchen)<br \/>\nLe centre le N\u00e9ouvielle (village de St Lary)<\/p>\n<p style=\"text-align: center;\">Pour toutes autres questions, n&rsquo;h\u00e9sitez pas \u00e0 me contacter.<\/p>\n","protected":false},"excerpt":{"rendered":"<p>PROGRAMME RANDONN\u00c9E \/ TARIFS 2022 Groupes de 4 pers. (mini) \u00e0 12pers. (maxi) Randonn\u00e9e d\u00e9couverte: 1\/2j 25\u20ac\/pers. &#8211; j 34\u20ac\/pers. A la demi-journ\u00e9e ou en journ\u00e9e, d\u00e9couverte de la faune et de la flore locale au sein m\u00eame du Parc National des Pyr\u00e9n\u00e9es ou de la R\u00e9serve Naturelle du N\u00e9ouvielle. \u2026 <a class=\"continue-reading-link\" href=\"http:\/\/www.explaure-pyrenees.fr\/?page_id=199\"> Continue reading <span class=\"meta-nav\">&rarr; <\/span><\/a><\/p>\n","protected":false},"author":1,"featured_media":0,"parent":0,"menu_order":0,"comment_status":"closed","ping_status":"closed","template":"","meta":{"footnotes":""},"class_list":["post-199","page","type-page","status-publish","hentry"],"_links":{"self":[{"href":"http:\/\/www.explaure-pyrenees.fr\/index.php?rest_route=\/wp\/v2\/pages\/199","targetHints":{"allow":["GET"]}}],"collection":[{"href":"http:\/\/www.explaure-pyrenees.fr\/index.php?rest_route=\/wp\/v2\/pages"}],"about":[{"href":"http:\/\/www.explaure-pyrenees.fr\/index.php?rest_route=\/wp\/v2\/types\/page"}],"author":[{"embeddable":true,"href":"http:\/\/www.explaure-pyrenees.fr\/index.php?rest_route=\/wp\/v2\/users\/1"}],"replies":[{"embeddable":true,"href":"http:\/\/www.explaure-pyrenees.fr\/index.php?rest_route=%2Fwp%2Fv2%2Fcomments&post=199"}],"version-history":[{"count":15,"href":"http:\/\/www.explaure-pyrenees.fr\/index.php?rest_route=\/wp\/v2\/pages\/199\/revisions"}],"predecessor-version":[{"id":306,"href":"http:\/\/www.explaure-pyrenees.fr\/index.php?rest_route=\/wp\/v2\/pages\/199\/revisions\/306"}],"wp:attachment":[{"href":"http:\/\/www.explaure-pyrenees.fr\/index.php?rest_route=%2Fwp%2Fv2%2Fmedia&parent=199"}],"curies":[{"name":"wp","href":"https:\/\/api.w.org\/{rel}","templated":true}]}}