{"id":206,"date":"2014-07-18T11:31:46","date_gmt":"2014-07-18T09:31:46","guid":{"rendered":"http:\/\/www.explaure-pyrenees.fr\/?page_id=206"},"modified":"2022-01-14T17:30:46","modified_gmt":"2022-01-14T15:30:46","slug":"hiver-2015","status":"publish","type":"page","link":"http:\/\/www.explaure-pyrenees.fr\/?page_id=206","title":{"rendered":"Hiver 2022"},"content":{"rendered":"<p style=\"text-align: right;\"><strong><a href=\"http:\/\/www.explaure-pyrenees.fr\/wp-content\/uploads\/2014\/07\/Capturer_2.jpg\"><img loading=\"lazy\" decoding=\"async\" class=\" size-full wp-image-217 alignleft\" src=\"http:\/\/www.explaure-pyrenees.fr\/wp-content\/uploads\/2014\/07\/Capturer_2.jpg\" alt=\"Capturer_2\" width=\"310\" height=\"640\" srcset=\"http:\/\/www.explaure-pyrenees.fr\/wp-content\/uploads\/2014\/07\/Capturer_2.jpg 310w, http:\/\/www.explaure-pyrenees.fr\/wp-content\/uploads\/2014\/07\/Capturer_2-145x300.jpg 145w, http:\/\/www.explaure-pyrenees.fr\/wp-content\/uploads\/2014\/07\/Capturer_2-73x150.jpg 73w\" sizes=\"auto, (max-width: 310px) 100vw, 310px\" \/><\/a>PROGRAMME \/ TARIFS HIVER 2022<\/strong><\/p>\n<p style=\"text-align: right;\">Groupes de 5 pers. (mini) \u00e0 12pers. (maxi)<\/p>\n<p style=\"text-align: right;\"><span style=\"text-decoration: underline;\">\u00e0 la 1\/2 journ\u00e9e:<\/span> 25\u20ac\/pers.<\/p>\n<p style=\"text-align: right;\">20\u20ac\/-12 ans<\/p>\n<p style=\"text-align: right;\"><span style=\"text-decoration: underline;\">\u00e0 la journ\u00e9e:<\/span> 32\u20ac\/pers.<\/p>\n<p style=\"text-align: right;\"><span style=\"text-decoration: underline;\">Week-end rando\u00a0:<\/span> \u00a0\u00a0 2j \u00a0\u00a0 60\u20ac\/pers.<\/p>\n<p style=\"text-align: right;\"><strong>Nouveaut\u00e9 2022 : Stage raquettes 5 jours :<\/strong> 160\u20ac\/pers.<\/p>\n<p style=\"text-align: right;\">Pour ce qui est du mat\u00e9riel, je fournis les raquettes et les b\u00e2tons \u00e0 ceux qui n&rsquo;en poss\u00e8dent pas.<\/p>\n<p style=\"text-align: right;\">VOUS AVEZ UN PROJET PERSONNEL DE RANDONN\u00c9E !<br \/>\nFAITES M&rsquo;EN PART, JE L&rsquo;ORGANISE POUR VOUS.<\/p>\n<p style=\"text-align: right;\">Pour l&rsquo;h\u00e9bergement dans la vall\u00e9e, je vous propose\u00a0:<br \/>\nLe centre Ch\u00e2teau Rolland (village de Guchen).<br \/>\nLe centre le N\u00e9ouvielle (village de St Lary).<\/p>\n<p style=\"text-align: right;\">Pour toutes autres questions, n&rsquo;h\u00e9sitez pas \u00e0 me contacter.<\/p>\n","protected":false},"excerpt":{"rendered":"<p>PROGRAMME \/ TARIFS HIVER 2022 Groupes de 5 pers. (mini) \u00e0 12pers. (maxi) \u00e0 la 1\/2 journ\u00e9e: 25\u20ac\/pers. 20\u20ac\/-12 ans \u00e0 la journ\u00e9e: 32\u20ac\/pers. Week-end rando\u00a0: \u00a0\u00a0 2j \u00a0\u00a0 60\u20ac\/pers. Nouveaut\u00e9 2022 : Stage raquettes 5 jours : 160\u20ac\/pers. Pour ce qui est du mat\u00e9riel, je fournis les raquettes et \u2026 <a class=\"continue-reading-link\" href=\"http:\/\/www.explaure-pyrenees.fr\/?page_id=206\"> Continue reading <span class=\"meta-nav\">&rarr; <\/span><\/a><\/p>\n","protected":false},"author":1,"featured_media":0,"parent":0,"menu_order":0,"comment_status":"closed","ping_status":"closed","template":"","meta":{"footnotes":""},"class_list":["post-206","page","type-page","status-publish","hentry"],"_links":{"self":[{"href":"http:\/\/www.explaure-pyrenees.fr\/index.php?rest_route=\/wp\/v2\/pages\/206","targetHints":{"allow":["GET"]}}],"collection":[{"href":"http:\/\/www.explaure-pyrenees.fr\/index.php?rest_route=\/wp\/v2\/pages"}],"about":[{"href":"http:\/\/www.explaure-pyrenees.fr\/index.php?rest_route=\/wp\/v2\/types\/page"}],"author":[{"embeddable":true,"href":"http:\/\/www.explaure-pyrenees.fr\/index.php?rest_route=\/wp\/v2\/users\/1"}],"replies":[{"embeddable":true,"href":"http:\/\/www.explaure-pyrenees.fr\/index.php?rest_route=%2Fwp%2Fv2%2Fcomments&post=206"}],"version-history":[{"count":13,"href":"http:\/\/www.explaure-pyrenees.fr\/index.php?rest_route=\/wp\/v2\/pages\/206\/revisions"}],"predecessor-version":[{"id":308,"href":"http:\/\/www.explaure-pyrenees.fr\/index.php?rest_route=\/wp\/v2\/pages\/206\/revisions\/308"}],"wp:attachment":[{"href":"http:\/\/www.explaure-pyrenees.fr\/index.php?rest_route=%2Fwp%2Fv2%2Fmedia&parent=206"}],"curies":[{"name":"wp","href":"https:\/\/api.w.org\/{rel}","templated":true}]}}