{"id":84,"date":"2013-08-01T15:54:53","date_gmt":"2013-08-01T14:54:53","guid":{"rendered":"http:\/\/www.explaure-pyrenees.fr\/?page_id=84"},"modified":"2014-03-25T10:15:21","modified_gmt":"2014-03-25T08:15:21","slug":"randonnees","status":"publish","type":"page","link":"http:\/\/www.explaure-pyrenees.fr\/?page_id=84","title":{"rendered":"Randonn\u00e9es"},"content":{"rendered":"<div class=\"entry-content\">\n<ul>\n<li><strong>Randonn\u00e9e d\u00e9couverte:<\/strong> je vous propose des demi-journ\u00e9es ou des journ\u00e9es, pour partir \u00e0 la d\u00e9couverte de la faune et de la flore locale au sein m\u00eame du Parc National des Pyr\u00e9n\u00e9es ou de la R\u00e9serve Naturelle du N\u00e9ouvielle. Randonn\u00e9e facile avec peu de d\u00e9nivel\u00e9 accessible au public familial. <span style=\"text-decoration: underline;\">Tarif: 23\u20ac\/pers.<\/span><\/li>\n<\/ul>\n<ul>\n<li><strong>Randonn\u00e9e au sommet: <\/strong>d\u00e9part pour un sommet depuis lequel vous pourrez ouvrir votre champ de vision aux montagnes alentours, et bien sur d\u00e9couvrir ou red\u00e9couvrir la faune et la flore locale. Ce type de randonn\u00e9e peut \u00eatre fait sur une journ\u00e9e ou sur un week-end avec nuit en refuge. Randonn\u00e9e sportive avec un minimum de 600m de d\u00e9nivel\u00e9 positif. <span style=\"text-decoration: underline;\">Tarif: 32\u20ac\/pers.\/jour<\/span><\/li>\n<\/ul>\n<ul>\n<li><strong>Randonn\u00e9e aquarelle:\u00a0<\/strong>faites vous-m\u00eame votre souvenir de la journ\u00e9e gr\u00e2ce \u00e0 une initiation aux croquis et \u00e0 l\u2019aquarelle tout au long de la randonn\u00e9e en pr\u00e9sence d\u2019un professeur d\u2019art plastique. Mat\u00e9riel fournis et randonn\u00e9e facile et familiale, \u00e0 la demie-journ\u00e9e. <span style=\"text-decoration: underline;\">Tarif: 45\u20ac\/pers.<\/span><\/li>\n<\/ul>\n<ul>\n<li><strong>Balade raquettes:<\/strong> demie-journ\u00e9e d\u00e9couverte, tous publics, au c\u0153ur du Parc National ou dans la for\u00eat. <span style=\"text-decoration: underline;\">Tarifs: 25\u20ac\/ad. et 20\u20ac\/-12ans.<\/span>\u00a0Le tarif comprend les b\u00e2tons et les raquettes.<\/li>\n<\/ul>\n<ul>\n<li><strong>Raquettes au sommet:<\/strong> je vous emm\u00e8ne toute la journ\u00e9e vers un sommet. A ne pas manquer, journ\u00e9e qui vous laissera pleins de souvenirs! <span style=\"text-decoration: underline;\">Tarif: 32\u20ac\/pers.<\/span><\/li>\n<\/ul>\n<ul>\n<li><strong>Raid ou trek:<\/strong> formule de randonn\u00e9e de 3 \u00e0 6 jours en France o\u00f9 \u00e0 l\u2019\u00e9tranger. Je m\u2019occupe de toute la logistique. Cela peut comprendre des nuits en h\u00f4tel comme en refuge.<\/li>\n<\/ul>\n<\/div>\n","protected":false},"excerpt":{"rendered":"<p>Randonn\u00e9e d\u00e9couverte: je vous propose des demi-journ\u00e9es ou des journ\u00e9es, pour partir \u00e0 la d\u00e9couverte de la faune et de la flore locale au sein m\u00eame du Parc National des Pyr\u00e9n\u00e9es ou de la R\u00e9serve Naturelle du N\u00e9ouvielle. Randonn\u00e9e facile avec peu de d\u00e9nivel\u00e9 accessible au public familial. Tarif: 23\u20ac\/pers. \u2026 <a class=\"continue-reading-link\" href=\"http:\/\/www.explaure-pyrenees.fr\/?page_id=84\"> Continue reading <span class=\"meta-nav\">&rarr; <\/span><\/a><\/p>\n","protected":false},"author":1,"featured_media":0,"parent":0,"menu_order":3,"comment_status":"closed","ping_status":"open","template":"","meta":{"footnotes":""},"class_list":["post-84","page","type-page","status-publish","hentry"],"_links":{"self":[{"href":"http:\/\/www.explaure-pyrenees.fr\/index.php?rest_route=\/wp\/v2\/pages\/84","targetHints":{"allow":["GET"]}}],"collection":[{"href":"http:\/\/www.explaure-pyrenees.fr\/index.php?rest_route=\/wp\/v2\/pages"}],"about":[{"href":"http:\/\/www.explaure-pyrenees.fr\/index.php?rest_route=\/wp\/v2\/types\/page"}],"author":[{"embeddable":true,"href":"http:\/\/www.explaure-pyrenees.fr\/index.php?rest_route=\/wp\/v2\/users\/1"}],"replies":[{"embeddable":true,"href":"http:\/\/www.explaure-pyrenees.fr\/index.php?rest_route=%2Fwp%2Fv2%2Fcomments&post=84"}],"version-history":[{"count":10,"href":"http:\/\/www.explaure-pyrenees.fr\/index.php?rest_route=\/wp\/v2\/pages\/84\/revisions"}],"predecessor-version":[{"id":185,"href":"http:\/\/www.explaure-pyrenees.fr\/index.php?rest_route=\/wp\/v2\/pages\/84\/revisions\/185"}],"wp:attachment":[{"href":"http:\/\/www.explaure-pyrenees.fr\/index.php?rest_route=%2Fwp%2Fv2%2Fmedia&parent=84"}],"curies":[{"name":"wp","href":"https:\/\/api.w.org\/{rel}","templated":true}]}}